{"id":351,"date":"2026-03-17T19:41:24","date_gmt":"2026-03-17T19:41:24","guid":{"rendered":"https:\/\/vebmarket.rs\/?page_id=351"},"modified":"2026-03-19T16:23:15","modified_gmt":"2026-03-19T16:23:15","slug":"dostava-robe","status":"publish","type":"page","link":"https:\/\/vebmarket.rs\/index.php\/dostava-robe\/","title":{"rendered":"Dostava robe"},"content":{"rendered":"\t\t<div data-elementor-type=\"wp-page\" data-elementor-id=\"351\" class=\"elementor elementor-351\" data-elementor-post-type=\"page\">\n\t\t\t\t<div class=\"elementor-element elementor-element-60f4829c e-flex e-con-boxed e-con e-parent\" data-id=\"60f4829c\" data-element_type=\"container\" data-e-type=\"container\">\n\t\t\t\t\t<div class=\"e-con-inner\">\n\t\t\t\t<div class=\"elementor-element elementor-element-392ef5ce elementor-widget elementor-widget-text-editor\" data-id=\"392ef5ce\" data-element_type=\"widget\" data-e-type=\"widget\" data-widget_type=\"text-editor.default\">\n\t\t\t\t\t\t\t\t\t\n<p>\u00a0<\/p>\n\n<p><strong>Na\u010din isporuke <\/strong>Svu robu isporu\u010dujemo putem kurirske slu\u017ebe\u00a0<strong>Bex Express<\/strong>\u00a0na teritoriji Republike Srbije. Va\u0161a porud\u017ebina \u0107e biti poslata u najkra\u0107em mogu\u0107em roku, a vreme isporuke je\u00a0<strong>1-3 radna dana<\/strong>, u zavisnosti od lokacije i kapaciteta kurirske slu\u017ebe.<\/p>\n\n<p><strong>Cena dostave<\/strong><\/p>\n\n<ul class=\"wp-block-list\">\n<li>Tro\u0161ak dostave iznosi\u00a0<strong>450 dinara<\/strong>\u00a0i snosi ga kupac.<\/li>\n\n<li>Dostava je\u00a0<strong>besplatna za porud\u017ebine u iznosu od 3.000 dinara i vi\u0161e<\/strong>.<\/li>\n<\/ul>\n\n<p><strong>Na\u010din pla\u0107anja<br \/><\/strong>Pla\u0107anje se vr\u0161i\u00a0<strong>pouze\u0107em<\/strong>, \u0161to zna\u010di da iznos porud\u017ebine pla\u0107ate kuriru prilikom preuzimanja paketa.<\/p>\n\n<p><strong>Prijem i pregled po\u0161iljke<br \/><\/strong>Prilikom preuzimanja paketa, molimo vas da obratite pa\u017enju na slede\u0107e:<\/p>\n\n<ul class=\"wp-block-list\">\n<li>Ukoliko primetite da je paket\u00a0<strong>vidno o\u0161te\u0107en<\/strong>, odmah to prijavite kuriru i\u00a0<strong>zatra\u017eite zapisnik o o\u0161te\u0107enju<\/strong>.<\/li>\n\n<li>Ako o\u0161te\u0107enje uo\u010dite\u00a0<strong>nakon otvaranja paketa<\/strong>, potrebno je da nas kontaktirate\u00a0<strong>odmah po prijemu<\/strong>. Na\u0161 tim \u0107e vas uputiti u dalji postupak reklamacije. (Pogledajte odeljak\u00a0<strong>Reklamacije<\/strong>)<\/li>\n<\/ul>\n\n<p>Za dodatna pitanja o isporuci, slobodno nas kontaktirajte putem e-maila ili telefona.<\/p>\n\t\t\t\t\t\t\t\t<\/div>\n\t\t\t\t\t<\/div>\n\t\t\t\t<\/div>\n\t\t\t\t<\/div>\n\t\t","protected":false},"excerpt":{"rendered":"<p>\u00a0 Na\u010din isporuke Svu robu isporu\u010dujemo putem kurirske slu\u017ebe\u00a0Bex Express\u00a0na teritoriji Republike Srbije. Va\u0161a porud\u017ebina \u0107e biti poslata u najkra\u0107em mogu\u0107em roku, a vreme isporuke je\u00a01-3 radna dana, u zavisnosti od lokacije i kapaciteta kurirske slu\u017ebe. Cena dostave Na\u010din pla\u0107anjaPla\u0107anje se vr\u0161i\u00a0pouze\u0107em, \u0161to zna\u010di da iznos porud\u017ebine pla\u0107ate kuriru prilikom preuzimanja paketa. Prijem i pregled [&hellip;]<\/p>\n","protected":false},"author":1,"featured_media":0,"parent":0,"menu_order":0,"comment_status":"closed","ping_status":"closed","template":"","meta":{"footnotes":""},"class_list":["post-351","page","type-page","status-publish","hentry"],"_links":{"self":[{"href":"https:\/\/vebmarket.rs\/index.php\/wp-json\/wp\/v2\/pages\/351","targetHints":{"allow":["GET"]}}],"collection":[{"href":"https:\/\/vebmarket.rs\/index.php\/wp-json\/wp\/v2\/pages"}],"about":[{"href":"https:\/\/vebmarket.rs\/index.php\/wp-json\/wp\/v2\/types\/page"}],"author":[{"embeddable":true,"href":"https:\/\/vebmarket.rs\/index.php\/wp-json\/wp\/v2\/users\/1"}],"replies":[{"embeddable":true,"href":"https:\/\/vebmarket.rs\/index.php\/wp-json\/wp\/v2\/comments?post=351"}],"version-history":[{"count":10,"href":"https:\/\/vebmarket.rs\/index.php\/wp-json\/wp\/v2\/pages\/351\/revisions"}],"predecessor-version":[{"id":479,"href":"https:\/\/vebmarket.rs\/index.php\/wp-json\/wp\/v2\/pages\/351\/revisions\/479"}],"wp:attachment":[{"href":"https:\/\/vebmarket.rs\/index.php\/wp-json\/wp\/v2\/media?parent=351"}],"curies":[{"name":"wp","href":"https:\/\/api.w.org\/{rel}","templated":true}]}}